{"id":1437,"date":"2024-12-30T09:14:43","date_gmt":"2024-12-30T09:14:43","guid":{"rendered":"https:\/\/megaland.sanzza.eu\/?page_id=1437"},"modified":"2025-01-02T10:32:18","modified_gmt":"2025-01-02T10:32:18","slug":"precario","status":"publish","type":"page","link":"https:\/\/megaland.sanzza.eu\/?page_id=1437","title":{"rendered":"Pre\u00e7\u00e1rio"},"content":{"rendered":"\t\t<div data-elementor-type=\"wp-page\" data-elementor-id=\"1437\" class=\"elementor elementor-1437\" data-elementor-post-type=\"page\">\n\t\t\t\t<div class=\"elementor-element elementor-element-3a9070b e-flex e-con-boxed e-con e-parent\" data-id=\"3a9070b\" data-element_type=\"container\" data-settings=\"{&quot;background_background&quot;:&quot;classic&quot;}\">\n\t\t\t\t\t<div class=\"e-con-inner\">\n\t\t\t\t<div class=\"elementor-element elementor-element-9e9e127 elementor-widget elementor-widget-heading\" data-id=\"9e9e127\" data-element_type=\"widget\" data-widget_type=\"heading.default\">\n\t\t\t\t<div class=\"elementor-widget-container\">\n\t\t\t<h1 class=\"elementor-heading-title elementor-size-default\">Pre\u00e7\u00e1rio<\/h1>\t\t<\/div>\n\t\t\t\t<\/div>\n\t\t\t\t\t<\/div>\n\t\t\t\t<\/div>\n\t\t<div class=\"elementor-element elementor-element-fd46664 e-flex e-con-boxed e-con e-parent\" data-id=\"fd46664\" data-element_type=\"container\">\n\t\t\t\t\t<div class=\"e-con-inner\">\n\t\t<div class=\"elementor-element elementor-element-55bef88 e-con-full e-flex e-con e-child\" data-id=\"55bef88\" data-element_type=\"container\">\n\t\t\t\t<div class=\"elementor-element elementor-element-636c2e8 elementor-widget__width-inherit elementor-widget elementor-widget-text-editor\" data-id=\"636c2e8\" data-element_type=\"widget\" data-widget_type=\"text-editor.default\">\n\t\t\t\t<div class=\"elementor-widget-container\">\n\t\t\t\t\t\t\t<table>\n<tbody>\n<tr>\n<td colspan=\"2\">\n<h3><strong>Bilhete Individual<\/strong><br><small>(2\u00aa a 5\u00aa)*<\/small><\/h3>\n<\/td>\n<\/tr>\n<tr>\n<td>1 hora<\/td>\n<td>8,50\u20ac<\/td>\n<\/tr>\n<tr>\n<td>2 horas<\/td>\n<td>15,50\u20ac<\/td>\n<\/tr>\n<tr>\n<td colspan=\"2\"><small>*Exceto feriados<\/small><\/td>\n<\/tr>\n<\/tbody>\n<\/table>\t\t\t\t\t\t<\/div>\n\t\t\t\t<\/div>\n\t\t\t\t<div class=\"elementor-element elementor-element-bf05db1 elementor-widget__width-inherit elementor-widget elementor-widget-text-editor\" data-id=\"bf05db1\" data-element_type=\"widget\" data-widget_type=\"text-editor.default\">\n\t\t\t\t<div class=\"elementor-widget-container\">\n\t\t\t\t\t\t\t<table>\n<tbody>\n<tr>\n<td colspan=\"2\">\n<h3><strong>Bilhete Individual<\/strong><br><small>(Fim de semana e feriados)<\/small>\n<\/h3>\n<\/td>\n<\/tr>\n<tr>\n<td>1 hora<\/td>\n<td>9,90\u20ac<\/td>\n<\/tr>\n<tr>\n<td>2 horas<\/td>\n<td>16,90\u20ac<\/td>\n<\/tr>\n<\/tbody>\n<\/table>\t\t\t\t\t\t<\/div>\n\t\t\t\t<\/div>\n\t\t\t\t<div class=\"elementor-element elementor-element-b0543ad elementor-widget__width-inherit elementor-widget elementor-widget-text-editor\" data-id=\"b0543ad\" data-element_type=\"widget\" data-widget_type=\"text-editor.default\">\n\t\t\t\t<div class=\"elementor-widget-container\">\n\t\t\t\t\t\t\t<table><tbody><tr><td colspan=\"2\"><h3><strong>Happy Friday<br \/><\/strong><small>(Todas as sextas: 17h-21h)<\/small><\/h3><\/td><\/tr><tr><td>2 horas<\/td><td>14,00\u20ac<\/td><\/tr><\/tbody><\/table>\t\t\t\t\t\t<\/div>\n\t\t\t\t<\/div>\n\t\t\t\t<div class=\"elementor-element elementor-element-ff0485e elementor-widget__width-inherit elementor-widget elementor-widget-text-editor\" data-id=\"ff0485e\" data-element_type=\"widget\" data-widget_type=\"text-editor.default\">\n\t\t\t\t<div class=\"elementor-widget-container\">\n\t\t\t\t\t\t\t<table><tbody><tr><td colspan=\"2\"><h3><strong>Grupos<\/strong><br \/><small>(2\u00aa a 5\u00aa &#8211; m\u00ednimo 10 pessoas)<\/small><\/h3><\/td><\/tr><tr><td>1 hora<\/td><td>7,00\u20ac<\/td><\/tr><\/tbody><\/table>\t\t\t\t\t\t<\/div>\n\t\t\t\t<\/div>\n\t\t\t\t<div class=\"elementor-element elementor-element-d142213 elementor-widget__width-inherit elementor-widget elementor-widget-text-editor\" data-id=\"d142213\" data-element_type=\"widget\" data-widget_type=\"text-editor.default\">\n\t\t\t\t<div class=\"elementor-widget-container\">\n\t\t\t\t\t\t\t<table><tbody><tr><td><strong>Meia Antiderrapante Megaland<br \/><\/strong>(Uso obrigat\u00f3rio \u2013 reutiliz\u00e1veis)<\/td><td>2,00\u20ac\/par<\/td><\/tr><tr><td><strong>Acompanhante<br \/><\/strong>(adulto)<\/td><td>5,00\u20ac<\/td><\/tr><tr><td><strong>Sala de Festa Privada<br \/><\/strong>(1 hora)<\/td><td>50,00\u20ac<\/td><\/tr><\/tbody><\/table>\t\t\t\t\t\t<\/div>\n\t\t\t\t<\/div>\n\t\t\t\t<div class=\"elementor-element elementor-element-b6ec9f3 elementor-widget__width-inherit elementor-widget elementor-widget-text-editor\" data-id=\"b6ec9f3\" data-element_type=\"widget\" data-widget_type=\"text-editor.default\">\n\t\t\t\t<div class=\"elementor-widget-container\">\n\t\t\t\t\t\t\t<table><tbody><tr><td colspan=\"2\"><h3 style=\"text-align: center;\"><strong>Mega Party<\/strong><br \/><small>(Festas &amp; Eventos- m\u00ednimo 8 pessoas)<\/small><\/h3><\/td><\/tr><tr><td><p style=\"text-align: center;\"><strong>Crazy Pack<\/strong><\/p><p style=\"text-align: center;\"><b><span class=\"nounderlines\">\u00b7 <\/span><\/b>1.5 hora na MegaPlay Zone<br \/><b><span class=\"nounderlines\">\u00b7 <\/span><\/b>45 minutos na sala de festa privada<br \/><b><span class=\"nounderlines\">\u00b7 <\/span><\/b>Pratos, copos e talheres descart\u00e1veis<\/p><\/td><td style=\"text-align: center;\">19,99\u20ac\/pessoa<\/td><\/tr><tr><td><p style=\"text-align: center;\"><strong>Super Pack<\/strong><\/p><p style=\"text-align: center;\"><b><span class=\"nounderlines\">\u00b7 <\/span><\/b>1.5 hora na MegaPlay Zone<br \/><b><span class=\"nounderlines\">\u00b7 <\/span><\/b>45 minutos na sala de festa privada<br \/><b><span class=\"nounderlines\">\u00b7 <\/span><\/b>Pratos, copos e talheres descart\u00e1veis<br \/><b><span class=\"nounderlines\">\u00b7 <\/span><\/b>Catering:<br \/>&#8211; Pizzas (cheeseham ou double pepperoni)<br \/>&#8211; Nuggets frango<br \/>&#8211; Batatas fritas<br \/>&#8211; Sortido de mini doughnuts<br \/>&#8211; Sumo JOI e \u00e1gua<\/p><\/td><td style=\"text-align: center;\">24,99\u20ac\/pessoa<\/td><\/tr><tr><td><p style=\"text-align: center;\"><strong>Mega Pack<\/strong><\/p><p style=\"text-align: center;\"><b><span class=\"nounderlines\">\u00b7 <\/span><\/b>1.5 hora na MegaPlay Zone<br \/><b><span class=\"nounderlines\">\u00b7 <\/span><\/b>45 minutos na sala de festa privada<br \/><b><span class=\"nounderlines\">\u00b7 <\/span><\/b>Pratos, copos e talheres descart\u00e1veis<br \/><b><span class=\"nounderlines\">\u00b7 <\/span><\/b>Catering:<br \/>&#8211; Mini folhados mistos<br \/>&#8211; Pizzas (cheeseham ou double pepperoni)<br \/>&#8211; Nuggets de frango<br \/>&#8211; Sortido de salgados<br \/>&#8211; Batatas fritas<br \/>&#8211; Sortido de sobremesas (mini doughnuts, \u00e9clair, macarons etc.)<br \/>&#8211; Sumo JOI, \u00e1gua e refrigerantes<\/p><\/td><td style=\"text-align: center;\">29,99\u20ac\/pessoa<\/td><\/tr><tr><td style=\"text-align: center;\" colspan=\"2\">Extras Opcionais<\/td><\/tr><tr><td style=\"text-align: center;\"><strong>Tempo Extra na MegaPlay Zone<br \/><\/strong><small>(Apenas dispon\u00edvel para reservas em packs)<\/small><\/td><td style=\"text-align: center;\">5,00\u20ac\/hora<\/td><\/tr><tr><td style=\"text-align: center;\"><strong>Tempo Extra na Sala<br \/><\/strong><small>(ter\u00e1 mais 45 minutos de acesso a sala de festa privada)<\/small><\/td><td style=\"text-align: center;\">30,00\u20ac<\/td><\/tr><tr><td style=\"text-align: center;\"><b>Bolo de Anivers\u00e1rio<\/b><br \/><small>(Brigadeiro &#8211; Inclui velas de n\u00fameros)<\/small><\/td><td style=\"text-align: center;\">30,00\u20ac<\/td><\/tr><tr><td style=\"text-align: center;\"><b>Decora\u00e7\u00e3o de Salas<\/b><br \/><small>(Personalizada de acordo com as necessidades e prefer\u00eancias do cliente)<\/small><\/td><td style=\"text-align: center;\">Pre\u00e7os sob consulta<\/td><\/tr><\/tbody><\/table>\t\t\t\t\t\t<\/div>\n\t\t\t\t<\/div>\n\t\t\t\t<div class=\"elementor-element elementor-element-e5b3de5 elementor-widget__width-inherit elementor-widget elementor-widget-text-editor\" data-id=\"e5b3de5\" data-element_type=\"widget\" data-widget_type=\"text-editor.default\">\n\t\t\t\t<div class=\"elementor-widget-container\">\n\t\t\t\t\t\t\t<table><tbody><tr><td style=\"text-align: center;\"><strong>M\u00e1quina de Jogos<\/strong><\/td><td style=\"text-align: center;\">A partir de 1,00\u20ac<\/td><\/tr><\/tbody><\/table>\t\t\t\t\t\t<\/div>\n\t\t\t\t<\/div>\n\t\t\t\t<div class=\"elementor-element elementor-element-2a36f69 elementor-widget-divider--view-line elementor-widget elementor-widget-divider\" data-id=\"2a36f69\" data-element_type=\"widget\" data-widget_type=\"divider.default\">\n\t\t\t\t<div class=\"elementor-widget-container\">\n\t\t\t\t\t<div class=\"elementor-divider\">\n\t\t\t<span class=\"elementor-divider-separator\">\n\t\t\t\t\t\t<\/span>\n\t\t<\/div>\n\t\t\t\t<\/div>\n\t\t\t\t<\/div>\n\t\t\t\t<div class=\"elementor-element elementor-element-67fd9df elementor-widget__width-inherit elementor-widget elementor-widget-text-editor\" data-id=\"67fd9df\" data-element_type=\"widget\" data-widget_type=\"text-editor.default\">\n\t\t\t\t<div class=\"elementor-widget-container\">\n\t\t\t\t\t\t\t<h2><strong>Pol\u00edtica de Cancelamento e Altera\u00e7\u00f5es de Reserva<\/strong><\/h2>\t\t\t\t\t\t<\/div>\n\t\t\t\t<\/div>\n\t\t\t\t<div class=\"elementor-element elementor-element-d57ddb3 elementor-widget__width-inherit elementor-widget elementor-widget-text-editor\" data-id=\"d57ddb3\" data-element_type=\"widget\" data-widget_type=\"text-editor.default\">\n\t\t\t\t<div class=\"elementor-widget-container\">\n\t\t\t\t\t\t\t<p><strong>Dep\u00f3sito de Reserva<\/strong><\/p><ul><li>Para garantir a reserva da sala de anivers\u00e1rio, ser\u00e1 solicitado um dep\u00f3sito de 30% do valor total da reserva, com base no n\u00famero de participantes. O valor do dep\u00f3sito ser\u00e1 deduzido do total da fatura na data do evento.<\/li><\/ul>\t\t\t\t\t\t<\/div>\n\t\t\t\t<\/div>\n\t\t\t\t<div class=\"elementor-element elementor-element-db0e24d elementor-widget__width-inherit elementor-widget elementor-widget-text-editor\" data-id=\"db0e24d\" data-element_type=\"widget\" data-widget_type=\"text-editor.default\">\n\t\t\t\t<div class=\"elementor-widget-container\">\n\t\t\t\t\t\t\t<p><strong>Cancelamento de Reserva<\/strong><\/p><ul><li><strong>Cancelamento realizado com anteced\u00eancia m\u00ednima de 48 horas:<\/strong> O dep\u00f3sito de 30% ser\u00e1 totalmente reembolsado se o cancelamento for solicitado com anteced\u00eancia m\u00ednima de 48 horas em rela\u00e7\u00e3o \u00e0 data agendada para o evento.<\/li><li><strong>Cancelamento realizado dentro de 48 horas antes do evento:<\/strong> O dep\u00f3sito de 30% ser\u00e1 n\u00e3o reembols\u00e1vel caso o cancelamento seja solicitado dentro do per\u00edodo de 48 horas antecedentes ao evento.<\/li><\/ul>\t\t\t\t\t\t<\/div>\n\t\t\t\t<\/div>\n\t\t\t\t<div class=\"elementor-element elementor-element-7ca32ae elementor-widget__width-inherit elementor-widget elementor-widget-text-editor\" data-id=\"7ca32ae\" data-element_type=\"widget\" data-widget_type=\"text-editor.default\">\n\t\t\t\t<div class=\"elementor-widget-container\">\n\t\t\t\t\t\t\t<p><strong>Altera\u00e7\u00f5es na Reserva<\/strong><\/p><ul><li><strong>Altera\u00e7\u00f5es solicitadas at\u00e9 48 horas antes do evento:<\/strong> O cliente poder\u00e1 realizar altera\u00e7\u00f5es no n\u00famero de participantes ou na data do evento sem custos adicionais, desde que a solicita\u00e7\u00e3o seja feita com pelo menos 48 horas de anteced\u00eancia e esteja sujeita \u00e0 disponibilidade de espa\u00e7o e servi\u00e7os.<\/li><li><strong>Altera\u00e7\u00f5es solicitadas dentro de 48 horas antes do evento:<\/strong> Caso a altera\u00e7\u00e3o seja realizada dentro do prazo de 48 horas antes do evento, poder\u00e1 haver a cobran\u00e7a de taxas adicionais, conforme a disponibilidade e os recursos necess\u00e1rios para atender \u00e0s modifica\u00e7\u00f5es solicitadas.<\/li><\/ul>\t\t\t\t\t\t<\/div>\n\t\t\t\t<\/div>\n\t\t\t\t<div class=\"elementor-element elementor-element-a5d6ae0 elementor-widget__width-inherit elementor-widget elementor-widget-text-editor\" data-id=\"a5d6ae0\" data-element_type=\"widget\" data-widget_type=\"text-editor.default\">\n\t\t\t\t<div class=\"elementor-widget-container\">\n\t\t\t\t\t\t\t<p><strong>No-Show (N\u00e3o Comparecimento)<\/strong><\/p><ul><li>Em caso de <strong>n\u00e3o comparecimento<\/strong> no evento, sem aviso pr\u00e9vio, o dep\u00f3sito de 30% ser\u00e1 <strong>perdido<\/strong> e <strong>n\u00e3o reembols\u00e1vel<\/strong>. O n\u00e3o comparecimento pode resultar na perda dos direitos sobre o uso da sala e quaisquer servi\u00e7os contratados.<\/li><\/ul>\t\t\t\t\t\t<\/div>\n\t\t\t\t<\/div>\n\t\t\t\t<div class=\"elementor-element elementor-element-a33ac0f elementor-widget__width-inherit elementor-widget elementor-widget-text-editor\" data-id=\"a33ac0f\" data-element_type=\"widget\" data-widget_type=\"text-editor.default\">\n\t\t\t\t<div class=\"elementor-widget-container\">\n\t\t\t\t\t\t\t<p><strong>Transfer\u00eancia de Reserva<\/strong><\/p><ul><li><p>A reserva poder\u00e1 ser <strong>transferida para outra data sem custos adicionais<\/strong>, desde que a solicita\u00e7\u00e3o seja feita com <strong>pelo menos 72 horas de anteced\u00eancia<\/strong> e esteja sujeita \u00e0 disponibilidade da nova data e recursos. Caso a nova data solicitada n\u00e3o esteja dispon\u00edvel, ser\u00e3o apresentadas alternativas de remarca\u00e7\u00e3o ou reembolso, conforme o caso.<\/p><\/li><\/ul>\t\t\t\t\t\t<\/div>\n\t\t\t\t<\/div>\n\t\t\t\t<div class=\"elementor-element elementor-element-b215856 elementor-widget__width-inherit elementor-widget elementor-widget-text-editor\" data-id=\"b215856\" data-element_type=\"widget\" data-widget_type=\"text-editor.default\">\n\t\t\t\t<div class=\"elementor-widget-container\">\n\t\t\t\t\t\t\t<p><strong>Exce\u00e7\u00f5es<\/strong><\/p><ul><li><p>Em situa\u00e7\u00f5es de <strong>for\u00e7a maior<\/strong>, tais como condi\u00e7\u00f5es clim\u00e1ticas extremas ou outros eventos imprevistos que impossibilitem a realiza\u00e7\u00e3o do evento, ser\u00e1 considerada a possibilidade de <strong>remarca\u00e7\u00e3o ou reembolso integral<\/strong>, conforme a an\u00e1lise de cada caso.<\/p><\/li><\/ul>\t\t\t\t\t\t<\/div>\n\t\t\t\t<\/div>\n\t\t\t\t<\/div>\n\t\t\t\t\t<\/div>\n\t\t\t\t<\/div>\n\t\t\t\t<\/div>\n\t\t","protected":false},"excerpt":{"rendered":"<p>Bilhete Individual(2\u00aa a 5\u00aa)* 1 hora 8,50\u20ac 2 horas 15,50\u20ac *Exceto feriados Bilhete Individual(Fim de semana e feriados) 1 hora 9,90\u20ac 2 horas 16,90\u20ac Happy Friday(Todas as sextas: 17h-21h) 2 horas 14,00\u20ac Grupos(2\u00aa a 5\u00aa &#8211; m\u00ednimo 10 pessoas) 1 hora 7,00\u20ac Meia Antiderrapante Megaland(Uso obrigat\u00f3rio \u2013 reutiliz\u00e1veis) 2,00\u20ac\/par Acompanhante(adulto) 5,00\u20ac Sala de Festa Privada(1 [&hellip;]<\/p>\n","protected":false},"author":1,"featured_media":0,"parent":0,"menu_order":0,"comment_status":"closed","ping_status":"closed","template":"","meta":{"_acf_changed":false,"footnotes":""},"class_list":["post-1437","page","type-page","status-publish","hentry"],"acf":[],"_links":{"self":[{"href":"https:\/\/megaland.sanzza.eu\/index.php?rest_route=\/wp\/v2\/pages\/1437","targetHints":{"allow":["GET"]}}],"collection":[{"href":"https:\/\/megaland.sanzza.eu\/index.php?rest_route=\/wp\/v2\/pages"}],"about":[{"href":"https:\/\/megaland.sanzza.eu\/index.php?rest_route=\/wp\/v2\/types\/page"}],"author":[{"embeddable":true,"href":"https:\/\/megaland.sanzza.eu\/index.php?rest_route=\/wp\/v2\/users\/1"}],"replies":[{"embeddable":true,"href":"https:\/\/megaland.sanzza.eu\/index.php?rest_route=%2Fwp%2Fv2%2Fcomments&post=1437"}],"version-history":[{"count":3,"href":"https:\/\/megaland.sanzza.eu\/index.php?rest_route=\/wp\/v2\/pages\/1437\/revisions"}],"predecessor-version":[{"id":1647,"href":"https:\/\/megaland.sanzza.eu\/index.php?rest_route=\/wp\/v2\/pages\/1437\/revisions\/1647"}],"wp:attachment":[{"href":"https:\/\/megaland.sanzza.eu\/index.php?rest_route=%2Fwp%2Fv2%2Fmedia&parent=1437"}],"curies":[{"name":"wp","href":"https:\/\/api.w.org\/{rel}","templated":true}]}}