{"id":649,"date":"2024-11-07T09:46:56","date_gmt":"2024-11-07T09:46:56","guid":{"rendered":"https:\/\/megaland.sanzza.eu\/?page_id=649"},"modified":"2024-11-21T17:08:51","modified_gmt":"2024-11-21T17:08:51","slug":"servicos","status":"publish","type":"page","link":"https:\/\/megaland.sanzza.eu\/?page_id=649","title":{"rendered":"Servi\u00e7os"},"content":{"rendered":"\t\t<div data-elementor-type=\"wp-page\" data-elementor-id=\"649\" class=\"elementor elementor-649\" data-elementor-post-type=\"page\">\n\t\t\t\t<div class=\"elementor-element elementor-element-2b8dc44 e-flex e-con-boxed e-con e-parent\" data-id=\"2b8dc44\" data-element_type=\"container\" data-settings=\"{&quot;background_background&quot;:&quot;classic&quot;}\">\n\t\t\t\t\t<div class=\"e-con-inner\">\n\t\t\t\t<div class=\"elementor-element elementor-element-d9cf25f elementor-widget elementor-widget-heading\" data-id=\"d9cf25f\" data-element_type=\"widget\" data-widget_type=\"heading.default\">\n\t\t\t\t<div class=\"elementor-widget-container\">\n\t\t\t<h1 class=\"elementor-heading-title elementor-size-default\">Servi\u00e7os<\/h1>\t\t<\/div>\n\t\t\t\t<\/div>\n\t\t\t\t<div class=\"elementor-element elementor-element-700fdf0 elementor-widget__width-initial elementor-widget-mobile__width-inherit elementor-widget elementor-widget-text-editor\" data-id=\"700fdf0\" data-element_type=\"widget\" data-widget_type=\"text-editor.default\">\n\t\t\t\t<div class=\"elementor-widget-container\">\n\t\t\t\t\t\t\t<p><span style=\"font-weight: 400;\">Descubra os servi\u00e7os do <\/span><b>Megaland<\/b><span style=\"font-weight: 400;\">! Oferecemos espa\u00e7os preparados para festas, divers\u00e3o tecnol\u00f3gica e conforto, tudo para garantir que cada momento seja m\u00e1gico e repleto de alegria para si e para a sua fam\u00edlia.<\/span><\/p>\t\t\t\t\t\t<\/div>\n\t\t\t\t<\/div>\n\t\t\t\t\t<\/div>\n\t\t\t\t<\/div>\n\t\t<div class=\"elementor-element elementor-element-c9d4332 e-flex e-con-boxed e-con e-parent\" data-id=\"c9d4332\" data-element_type=\"container\" data-settings=\"{&quot;background_background&quot;:&quot;classic&quot;}\">\n\t\t\t\t\t<div class=\"e-con-inner\">\n\t\t<div class=\"elementor-element elementor-element-7183acb e-con-full e-flex e-con e-child\" data-id=\"7183acb\" data-element_type=\"container\" data-settings=\"{&quot;background_background&quot;:&quot;classic&quot;}\">\n\t\t\t\t<\/div>\n\t\t<div class=\"elementor-element elementor-element-9b7d004 e-con-full cont-hover-blue e-flex e-con e-child\" data-id=\"9b7d004\" data-element_type=\"container\">\n\t\t\t\t<div class=\"elementor-element elementor-element-bc6948a elementor-view-default elementor-position-top elementor-mobile-position-top elementor-widget elementor-widget-icon-box\" data-id=\"bc6948a\" data-element_type=\"widget\" data-widget_type=\"icon-box.default\">\n\t\t\t\t<div class=\"elementor-widget-container\">\n\t\t\t\t\t<div class=\"elementor-icon-box-wrapper\">\n\n\t\t\t\t\t\t<div class=\"elementor-icon-box-icon\">\n\t\t\t\t<span  class=\"elementor-icon elementor-animation-\">\n\t\t\t\t<svg xmlns=\"http:\/\/www.w3.org\/2000\/svg\" id=\"Camada_2\" viewBox=\"0 0 47.98 47.99\"><path id=\"Caminho_23\" class=\"cls-1\" d=\"M2.98,3.01C2.98,1.36,4.33.01,5.98.01s3,1.34,3,3-1.34,3-3,3-3-1.34-3-3ZM41.98,15.01c0-1.66,1.34-3,3-3s3,1.34,3,3-1.34,3-3,3-3-1.34-3-3c0,0,0,0,0,0h0ZM44.98,39.01c1.66,0,3,1.34,3,3s-1.34,3-3,3-3-1.34-3-3c0-1.66,1.34-3,2.99-3.01,0,0,0,0,0,0h0ZM15.64,14.35c-.88-.87-.88-2.29,0-3.17,0,0,0,0,0,0l.78-.78c1.57-1.57,2.55-3.62,2.79-5.82l.28-2.57c.14-1.23,1.26-2.12,2.49-1.99,1.23.13,2.12,1.24,1.99,2.47,0,0,0,.01,0,.02l-.28,2.57c-.36,3.22-1.8,6.21-4.09,8.5l-.78.78c-.87.88-2.29.88-3.17,0,0,0,0,0,0,0h0ZM33.64,29.16l.77-.78c2.29-2.29,5.28-3.73,8.5-4.09l2.57-.28c1.23-.14,2.34.75,2.48,1.98,0,0,0,0,0,0,.14,1.23-.75,2.34-1.98,2.48,0,0,0,0,0,0l-2.57.28c-2.2.24-4.26,1.23-5.82,2.79l-.76.79c-.87.88-2.29.88-3.17,0,0,0,0,0,0,0-.88-.88-.88-2.3,0-3.18h0ZM47.45.8c.8.94.69,2.36-.26,3.16,0,0,0,0,0,0l-.94.8c-1.39,1.17-3.16,1.79-4.97,1.74-1.56-.04-2.87,1.16-2.96,2.72l-.17,2.81c-.24,3.98-3.59,7.06-7.57,6.96-.71-.02-1.4.22-1.94.68l-.94.8c-.94.8-2.36.69-3.16-.26,0,0,0,0,0,0-.8-.95-.68-2.37.26-3.17l.94-.8c1.39-1.17,3.16-1.79,4.97-1.74,1.56.04,2.87-1.16,2.96-2.72l.17-2.81c.24-3.98,3.59-7.06,7.57-6.96.71.02,1.4-.22,1.94-.68l.94-.8c.94-.8,2.36-.69,3.16.26,0,0,0,0,0,0ZM5.55,42.45l8.15-3.06-5.09-5.09-3.06,8.15ZM24.3,35.41l-11.72-11.72-2.24,5.98,7.98,7.98,5.98-2.24ZM9.18,19.94c.61-1.56,2.36-2.33,3.92-1.72.38.15.72.37,1.01.65l15.02,15.01c1.17,1.2,1.14,3.11-.05,4.28-.29.28-.64.51-1.02.65l-24.02,9c-1.58.56-3.31-.27-3.87-1.85-.23-.65-.23-1.36,0-2.01l9.01-24.01Z\"><\/path><\/svg>\t\t\t\t<\/span>\n\t\t\t<\/div>\n\t\t\t\n\t\t\t\t\t\t<div class=\"elementor-icon-box-content\">\n\n\t\t\t\t\t\t\t\t\t<h3 class=\"elementor-icon-box-title\">\n\t\t\t\t\t\t<span  >\n\t\t\t\t\t\t\tFESTAS DE ANIVERS\u00c1RIO\t\t\t\t\t\t<\/span>\n\t\t\t\t\t<\/h3>\n\t\t\t\t\n\t\t\t\t\t\t\t\t\t<p class=\"elementor-icon-box-description\">\n\t\t\t\t\t\tTransforme seu anivers\u00e1rio em uma experi\u00eancia m\u00e1gica! Nossas salas de festas s\u00e3o decoradas de forma encantadora, com atividades emocionantes e uma equipe pronta para fazer sua celebra\u00e7\u00e3o brilhar com alegria e divers\u00e3o.\t\t\t\t\t<\/p>\n\t\t\t\t\n\t\t\t<\/div>\n\t\t\t\n\t\t<\/div>\n\t\t\t\t<\/div>\n\t\t\t\t<\/div>\n\t\t\t\t<div class=\"elementor-element elementor-element-b501732 item-servico-home elementor-widget-tablet__width-auto elementor-widget elementor-widget-button\" data-id=\"b501732\" data-element_type=\"widget\" data-widget_type=\"button.default\">\n\t\t\t\t<div class=\"elementor-widget-container\">\n\t\t\t\t\t<div class=\"elementor-button-wrapper\">\n\t\t\t<a class=\"elementor-button elementor-button-link elementor-size-sm\" href=\"https:\/\/megaland.sanzza.eu\/?page_id=698\">\n\t\t\t\t\t\t<span class=\"elementor-button-content-wrapper\">\n\t\t\t\t\t\t\t\t\t<span class=\"elementor-button-text\">RESERVAR<\/span>\n\t\t\t\t\t<\/span>\n\t\t\t\t\t<\/a>\n\t\t<\/div>\n\t\t\t\t<\/div>\n\t\t\t\t<\/div>\n\t\t\t\t<\/div>\n\t\t\t\t\t<\/div>\n\t\t\t\t<\/div>\n\t\t<div class=\"elementor-element elementor-element-fcee50a e-flex e-con-boxed e-con e-parent\" data-id=\"fcee50a\" data-element_type=\"container\" data-settings=\"{&quot;background_background&quot;:&quot;classic&quot;}\">\n\t\t\t\t\t<div class=\"e-con-inner\">\n\t\t<div class=\"elementor-element elementor-element-a1a2c5e e-con-full cont-hover-pink e-flex e-con e-child\" data-id=\"a1a2c5e\" data-element_type=\"container\">\n\t\t\t\t<div class=\"elementor-element elementor-element-95b4f33 elementor-view-default elementor-position-top elementor-mobile-position-top elementor-widget elementor-widget-icon-box\" data-id=\"95b4f33\" data-element_type=\"widget\" data-widget_type=\"icon-box.default\">\n\t\t\t\t<div class=\"elementor-widget-container\">\n\t\t\t\t\t<div class=\"elementor-icon-box-wrapper\">\n\n\t\t\t\t\t\t<div class=\"elementor-icon-box-icon\">\n\t\t\t\t<span  class=\"elementor-icon elementor-animation-\">\n\t\t\t\t<svg xmlns=\"http:\/\/www.w3.org\/2000\/svg\" id=\"Camada_2\" data-name=\"Camada 2\" viewBox=\"0 0 57.13 39.99\"><path class=\"cls-1\" d=\"M44.33,20.58l-4.15,1.5,1.13,10.76c-.68.46-1.42.84-2.2,1.12-3.38,1.21-6.96,1.8-10.55,1.74-3.59.05-7.17-.53-10.56-1.73-.78-.29-1.51-.66-2.2-1.12l1.14-10.76-4.15-1.5-1.37,12.97c0,3.15,7.68,6.43,17.14,6.43s17.14-3.28,17.14-6.43l-1.36-12.98h0ZM15.41,32.49h0s.02.02.03.04c0-.01-.02-.02-.03-.04Z\"><\/path><path class=\"cls-1\" d=\"M55.72,9.41L30.68.37c-.68-.24-1.39-.37-2.12-.37-.72,0-1.44.12-2.12.37L1.41,9.41C.57,9.72,0,10.52,0,11.42c0,.9.56,1.71,1.41,2.02l6.91,2.49c-2.47,2.6-3.9,6.02-4.03,9.61,0,.05-.01.11,0,.16-.12,2.52-.8,4.99-1.99,7.21-.58,1.17-1.25,2.29-2.01,3.36-.29.38-.36.89-.21,1.34.16.45.53.79,1,.91l5.71,1.43c.38.09.78.03,1.11-.18.33-.21.56-.54.63-.93.63-3.21.56-6.52-.19-9.7-.28-1.27-.68-2.51-1.2-3.7.17-3.26,1.68-6.31,4.17-8.42l15.13,5.47c.68.24,1.39.37,2.12.37.72,0,1.44-.12,2.11-.37l25.04-9.05c.85-.31,1.41-1.11,1.41-2.02,0-.9-.56-1.71-1.41-2.02ZM29.23,18.45c-.21.08-.44.12-.66.12-.23,0-.45-.04-.66-.12l-11.4-4.12,12.57-4.71c.74-.27,1.12-1.1.84-1.83,0,0,0,0,0,0-.27-.74-1.1-1.12-1.83-.84,0,0,0,0,0,0l-14.25,5.34c-.47.18-.92.38-1.37.59l-4.01-1.45,19.46-7.03c.21-.08.44-.12.66-.12h0c.23,0,.45.04.66.12l19.46,7.02-19.46,7.03Z\"><\/path><\/svg>\t\t\t\t<\/span>\n\t\t\t<\/div>\n\t\t\t\n\t\t\t\t\t\t<div class=\"elementor-icon-box-content\">\n\n\t\t\t\t\t\t\t\t\t<h3 class=\"elementor-icon-box-title\">\n\t\t\t\t\t\t<span  >\n\t\t\t\t\t\t\tEVENTOS ESCOLARES\t\t\t\t\t\t<\/span>\n\t\t\t\t\t<\/h3>\n\t\t\t\t\n\t\t\t\t\t\t\t\t\t<p class=\"elementor-icon-box-description\">\n\t\t\t\t\t\tOrganize atividades escolares divertidas no Megaland! Nossas salas de festas s\u00e3o ideais para excurs\u00f5es, encontros e celebra\u00e7\u00f5es, proporcionando um ambiente seguro e acolhedor para aprender e se divertir ao mesmo tempo.\t\t\t\t\t<\/p>\n\t\t\t\t\n\t\t\t<\/div>\n\t\t\t\n\t\t<\/div>\n\t\t\t\t<\/div>\n\t\t\t\t<\/div>\n\t\t\t\t<div class=\"elementor-element elementor-element-7c17c09 item-servico-home elementor-widget-tablet__width-auto elementor-widget elementor-widget-button\" data-id=\"7c17c09\" data-element_type=\"widget\" data-widget_type=\"button.default\">\n\t\t\t\t<div class=\"elementor-widget-container\">\n\t\t\t\t\t<div class=\"elementor-button-wrapper\">\n\t\t\t<a class=\"elementor-button elementor-button-link elementor-size-sm\" href=\"https:\/\/megaland.sanzza.eu\/?page_id=698\">\n\t\t\t\t\t\t<span class=\"elementor-button-content-wrapper\">\n\t\t\t\t\t\t\t\t\t<span class=\"elementor-button-text\">RESERVAR<\/span>\n\t\t\t\t\t<\/span>\n\t\t\t\t\t<\/a>\n\t\t<\/div>\n\t\t\t\t<\/div>\n\t\t\t\t<\/div>\n\t\t\t\t<\/div>\n\t\t<div class=\"elementor-element elementor-element-ac986d9 e-con-full e-flex e-con e-child\" data-id=\"ac986d9\" data-element_type=\"container\" data-settings=\"{&quot;background_background&quot;:&quot;classic&quot;}\">\n\t\t\t\t<\/div>\n\t\t\t\t\t<\/div>\n\t\t\t\t<\/div>\n\t\t<div class=\"elementor-element elementor-element-fa4960f e-flex e-con-boxed e-con e-parent\" data-id=\"fa4960f\" data-element_type=\"container\" data-settings=\"{&quot;background_background&quot;:&quot;classic&quot;}\">\n\t\t\t\t\t<div class=\"e-con-inner\">\n\t\t<div class=\"elementor-element elementor-element-48c528b e-con-full e-flex e-con e-child\" data-id=\"48c528b\" data-element_type=\"container\" data-settings=\"{&quot;background_background&quot;:&quot;classic&quot;}\">\n\t\t\t\t<\/div>\n\t\t<div class=\"elementor-element elementor-element-4e1205f e-con-full cont-hover-yellow e-flex e-con e-child\" data-id=\"4e1205f\" data-element_type=\"container\">\n\t\t\t\t<div class=\"elementor-element elementor-element-e4efbfc elementor-view-default elementor-position-top elementor-mobile-position-top elementor-widget elementor-widget-icon-box\" data-id=\"e4efbfc\" data-element_type=\"widget\" data-widget_type=\"icon-box.default\">\n\t\t\t\t<div class=\"elementor-widget-container\">\n\t\t\t\t\t<div class=\"elementor-icon-box-wrapper\">\n\n\t\t\t\t\t\t<div class=\"elementor-icon-box-icon\">\n\t\t\t\t<span  class=\"elementor-icon elementor-animation-\">\n\t\t\t\t<svg xmlns=\"http:\/\/www.w3.org\/2000\/svg\" id=\"Layer_2\" data-name=\"Layer 2\" viewBox=\"0 0 80 64\"><path class=\"cls-1\" d=\"M28,20c0,.69-.08,1.36-.25,2h24.5c-.16-.64-.25-1.31-.25-2V3c0-1.66,1.34-3,3-3,.89,0,1.68.39,2.23.99.47.54.77,1.24.77,2.01v5h5V3c0-.78.29-1.47.78-2.01.55-.6,1.33-.99,2.22-.99s1.68.39,2.23.99c.47.54.77,1.24.77,2.01v5h5V3c0-.78.29-1.47.78-2.01.55-.6,1.33-.99,2.22-.99,1.67,0,3,1.34,3,3v17c0,2.96-1.61,5.55-4,6.92v29.08c0,4.41-3.58,8-8,8H12c-4.41,0-8-3.59-8-8v-29.08c-2.39-1.37-4-3.96-4-6.92V3C0,1.34,1.34,0,3,0c.89,0,1.68.39,2.23.99.49.54.77,1.24.77,2.01v5h5V3c0-.78.29-1.47.78-2.01.55-.6,1.33-.99,2.22-.99s1.68.39,2.23.99c.49.54.77,1.24.77,2.01v5h5V3c0-.78.29-1.47.78-2.01.55-.6,1.33-.99,2.22-.99,1.67,0,3,1.34,3,3v17ZM6,14v6c0,1.1.91,2,2,2h12c1.1,0,2-.9,2-2v-6H6ZM12,58h6v-30h-8v28c0,1.1.91,2,2,2ZM48,58h8v-30h-32v30h8v-10c0-4.41,3.59-8,8-8s8,3.59,8,8v10ZM70,22h2c1.1,0,2-.9,2-2v-6h-16v6c0,1.1.91,2,2,2h10ZM62,58h6c1.1,0,2-.9,2-2v-28h-8v30Z\"><\/path><\/svg>\t\t\t\t<\/span>\n\t\t\t<\/div>\n\t\t\t\n\t\t\t\t\t\t<div class=\"elementor-icon-box-content\">\n\n\t\t\t\t\t\t\t\t\t<h3 class=\"elementor-icon-box-title\">\n\t\t\t\t\t\t<span  >\n\t\t\t\t\t\t\tFESTAS TEM\u00c1TICAS\t\t\t\t\t\t<\/span>\n\t\t\t\t\t<\/h3>\n\t\t\t\t\n\t\t\t\t\t\t\t\t\t<p class=\"elementor-icon-box-description\">\n\t\t\t\t\t\tCrie uma festa de sonho com nossos pacotes tem\u00e1ticos! Escolha entre diversos mundos imagin\u00e1rios, onde cada detalhe \u2014 da decora\u00e7\u00e3o aos jogos \u2014 \u00e9 pensado para levar os convidados a uma aventura cheia de divers\u00e3o e criatividade!\t\t\t\t\t<\/p>\n\t\t\t\t\n\t\t\t<\/div>\n\t\t\t\n\t\t<\/div>\n\t\t\t\t<\/div>\n\t\t\t\t<\/div>\n\t\t\t\t<div class=\"elementor-element elementor-element-333f833 item-servico-home elementor-widget-tablet__width-auto elementor-widget elementor-widget-button\" data-id=\"333f833\" data-element_type=\"widget\" data-widget_type=\"button.default\">\n\t\t\t\t<div class=\"elementor-widget-container\">\n\t\t\t\t\t<div class=\"elementor-button-wrapper\">\n\t\t\t<a class=\"elementor-button elementor-button-link elementor-size-sm\" href=\"https:\/\/megaland.sanzza.eu\/?page_id=698\">\n\t\t\t\t\t\t<span class=\"elementor-button-content-wrapper\">\n\t\t\t\t\t\t\t\t\t<span class=\"elementor-button-text\">RESERVAR<\/span>\n\t\t\t\t\t<\/span>\n\t\t\t\t\t<\/a>\n\t\t<\/div>\n\t\t\t\t<\/div>\n\t\t\t\t<\/div>\n\t\t\t\t<\/div>\n\t\t\t\t\t<\/div>\n\t\t\t\t<\/div>\n\t\t\t\t<\/div>\n\t\t","protected":false},"excerpt":{"rendered":"<p>Descubra os servi\u00e7os do Megaland! Oferecemos espa\u00e7os preparados para festas, divers\u00e3o tecnol\u00f3gica e conforto, tudo para garantir que cada momento seja m\u00e1gico e repleto de alegria para si e para a sua fam\u00edlia. FESTAS DE ANIVERS\u00c1RIO Transforme seu anivers\u00e1rio em uma experi\u00eancia m\u00e1gica! Nossas salas de festas s\u00e3o decoradas de forma encantadora, com atividades emocionantes [&hellip;]<\/p>\n","protected":false},"author":1,"featured_media":0,"parent":0,"menu_order":0,"comment_status":"closed","ping_status":"closed","template":"","meta":{"_acf_changed":false,"footnotes":""},"class_list":["post-649","page","type-page","status-publish","hentry"],"acf":[],"_links":{"self":[{"href":"https:\/\/megaland.sanzza.eu\/index.php?rest_route=\/wp\/v2\/pages\/649","targetHints":{"allow":["GET"]}}],"collection":[{"href":"https:\/\/megaland.sanzza.eu\/index.php?rest_route=\/wp\/v2\/pages"}],"about":[{"href":"https:\/\/megaland.sanzza.eu\/index.php?rest_route=\/wp\/v2\/types\/page"}],"author":[{"embeddable":true,"href":"https:\/\/megaland.sanzza.eu\/index.php?rest_route=\/wp\/v2\/users\/1"}],"replies":[{"embeddable":true,"href":"https:\/\/megaland.sanzza.eu\/index.php?rest_route=%2Fwp%2Fv2%2Fcomments&post=649"}],"version-history":[{"count":0,"href":"https:\/\/megaland.sanzza.eu\/index.php?rest_route=\/wp\/v2\/pages\/649\/revisions"}],"wp:attachment":[{"href":"https:\/\/megaland.sanzza.eu\/index.php?rest_route=%2Fwp%2Fv2%2Fmedia&parent=649"}],"curies":[{"name":"wp","href":"https:\/\/api.w.org\/{rel}","templated":true}]}}